2*w - 3*r - 33 = 0, 31 = 3*w + 5*r + 83. Let i be (w + 1)/(2/(-5)). Suppose 0 = 3*x + 3*a - 18, 3*x - 22 - i = 5*a. What is the units digit of x?
9
Suppose 3*x - t - 28 = 0, -27 + 7 = 5*t. Suppose 760 = x*u + 2*u. What is the units digit of u?
6
Suppose -2*a = -3*a + 5. Let v = a + 4. What is the units digit of v?
9
Let u = 16 + -12. Suppose 0 = 2*l + 2*o + 96, -u*l - 186 = 3*o - 5*o. Let h = -27 - l. What is the tens digit of h?
2
What is the tens digit of (4 + (-5 - 0))*-1781?
8
Suppose 15 = -5*g - 5. What is the units digit of (-14)/(-1 - (g + 5))?
7
Let r(k) = 12*k - 2*k - k**3 - 5*k + 12*k - 16 + 11*k**2. What is the tens digit of r(12)?
4
Suppose -5*q - 4*b = -112, -4*q + 0*q = -b - 77. Let n = q - 30. What is the units digit of 0 - 0 - n/5?
2
Let w(y) = y**3 + 2*y**2 + y + 2. Let k = 9 + -11. Let n be w(k). Suppose n = -m - 3*m + 36. What is the units digit of m?
9
Let w = 86 - -12. Let n = -119 + 61. Let p = w + n. What is the tens digit of p?
4
Suppose -2*u - 24 - 144 = 0. Let q be (175/(-28))/(3/u). Suppose 13*a - 8*a - q = 0. What is the tens digit of a?
3
Let y be (5 + -3)*105/2. Suppose 5*j + 6 = -19, 160 = 5*m + 3*j. Suppose -y + m = -5*o. What is the tens digit of o?
1
Suppose -u + 50 = -6*u. Let w be (-2)/(-11) - (-948)/(-132). Let m = w - u. What is the units digit of m?
3
Let h = -87 - -142. Suppose o + 4*v - h = 0, v = -4*o + 101 + 59. What is the tens digit of o?
3
Let f(r) = 12*r**2 - 11*r - 126. What is the thousands digit of f(-16)?
3
Let f be ((-48)/36)/(2/(-3)). Suppose f*o = -574 + 16. What is the units digit of ((-6)/(-9))/((-6)/o)?
1
Let j = 28 - -44. Suppose 19 = 3*c - 5*r, 2*r + 3*r - j = -4*c. What is the tens digit of c?
1
Let y(p) = 4*p**2 - 3*p + 2. Let j be y(1). What is the tens digit of 195/(-6)*-2 - (j - 3)?
6
Let w = 228 + 69. What is the tens digit of w?
9
What is the hundreds digit of 27022/12 - 145/174?
2
Suppose -2*n - 15 = -1. Let s = 45 + n. What is the tens digit of s?
3
Suppose 5*s + 1069 = -4*w + 3305, -4*s = -16. What is the tens digit of (-3)/(-7) - w/(-14)?
4
Let a(b) = b**3 - 6*b**2 + b - 7. Let t be a(6). Suppose 0 = -4*k + 6*k - 10, -4*q - 4*k = 4. Let z = t - q. What is the units digit of z?
5
Let t = 2043 + 27. Suppose -19*h + 10*h = -t. What is the tens digit of h?
3
Let v = 803 - 581. What is the tens digit of v?
2
Let y = -649 - -1380. What is the tens digit of y?
3
Let b = 115 + 6. Let o = b + -82. What is the units digit of o?
9
Suppose -3*z + 4*w = -2*z - 891, -2*z = -4*w - 1794. What is the hundreds digit of z?
9
Let j(l) = -l**2 - 9*l - 10. Let i be j(-7). Suppose -972 = -5*w + 8*w. What is the tens digit of i/(-10) - w/10?
3
Let f = 1900 + -814. What is the thousands digit of f?
1
Suppose 5*y - 4178 = -4*v + 7*y, 0 = 4*v + y - 4163. What is the thousands digit of v?
1
Let h(u) = -u + 10. Let o be h(10). Let i(c) = -5*c - 7. Let j be i(-7). Suppose -4*r + j = -o. What is the units digit of r?
7
Suppose 4*w - 1519 = 3*w + 4*u, -w + u + 1507 = 0. What is the hundreds digit of w?
5
Let o(c) = -24*c**3 + c**2. Let y be o(-1). Suppose 2*q - y = 33. Let t = q - 14. What is the tens digit of t?
1
Let l(g) = g**3 + 5*g**2 - g + 20. Let x be l(-6). Let q(j) = -j**2 - 13*j + 8. What is the units digit of q(x)?
8
Let x(w) = 1674*w + 75. What is the units digit of x(1)?
9
Let m = 15 + -11. Let p(n) = 0*n + m + 7*n + 5 - 4*n. What is the tens digit of p(5)?
2
Let j(i) = i**2 - 6*i - 3. Suppose -g - 3 = 1. What is the units digit of j(g)?
7
Let p = 19 + -17. Suppose -s + d + 156 = -p*d, -2*s = -5*d - 309. What is the hundreds digit of s?
1
Let c = 14 - -28. Suppose 274 = 2*h + c. What is the tens digit of h?
1
Let i be (-5 + -3 + 5)*-4. Suppose 11*w = 14*w - i. Suppose q + q = -t + 141, -q + 88 = w*t. What is the units digit of q?
8
Let f(j) = -j**3 + 10*j**2 - 5*j - 10. Let c = -3 - -6. Suppose q + 0 = -3, -2*d + c*q + 27 = 0. What is the units digit of f(d)?
6
Let q = 35 - 16. Let y = q + 49. Let r = -40 + y. What is the tens digit of r?
2
Suppose -12 = -115*j + 111*j. Suppose g + 2*g = j*p - 57, 2*g + 4 = 0. What is the units digit of p?
7
Let u be (8/(-6))/(16/(-1320)). Let f = u + -58. Suppose 6*x = 2*x + f. What is the units digit of x?
3
Let d be (24/20)/(6/860). Suppose 3*x - 2*r = d, 3*r + 244 = 4*x + 4*r. What is the tens digit of x?
6
What is the units digit of 37/7 - (-24)/(-84) - -451?
6
Suppose -2*x - 5*m + 285 = -54, 2*x - 324 = -2*m. Let g = x + -99. What is the units digit of g?
8
Let i = 1234 - 467. What is the units digit of i?
7
Let u(x) be the first derivative of -x**4/4 + 6*x**3 - 8*x**2 - 14*x + 291. Let j = -4 - -21. What is the units digit of u(j)?
3
What is the units digit of ((-2215)/(-3))/(-15 - (-506)/33)?
5
Suppose -5*h + 16 = -b + 3525, b + 5*h = 3469. What is the thousands digit of b?
3
Let u(q) = q**2 - 13*q + 20. Let v be u(13). Let s be ((-2)/(-5))/(2/80). Let z = v - s. What is the units digit of z?
4
Let d(s) = 2*s**2 + 6*s - 11. Suppose -n - 36 = n + 4*h, 0 = 2*n - 3*h + 1. What is the units digit of d(n)?
9
Suppose -52*o = -0*o - 127920. What is the thousands digit of o?
2
Suppose 0 = 3*f - 3*m + 438, -m - 287 = 2*f + 2*m. Let z = -42 - f. What is the tens digit of z?
0
Let q be (-17 + 0)/(88/30 - 3). Suppose 5*r - 1291 = a, r - a = -4*a + q. What is the tens digit of r?
5
Let y(l) = 19*l**2 - 3*l + 2. Let a be y(3). Suppose -2*d - 10 = -a. What is the units digit of d?
7
Suppose -3*j = -4*j - 6. Let s(y) = -y**3 + 8*y + 2. What is the units digit of s(j)?
0
Suppose -2*m = -0*m - 8. Let a(v) = 3*v - v - v + 2 + 0*v - 3*v**2 + v**3. What is the units digit of a(m)?
2
Let h(s) = -9 + 1 + 6 - 3*s. Let g be h(-2). Suppose -g*n + 135 = n. What is the units digit of n?
7
Let k(f) = -18*f**2 + 11 - 7*f - 9*f**2 + 28*f**2. What is the tens digit of k(-13)?
7
Suppose b + 6 = 4*b, -a + b = 7. Let w(l) = 6*l**2 + l + 13. What is the units digit of w(a)?
8
Let m = 2 + 5. Let j = 10 + -2. Let o = m + j. What is the tens digit of o?
1
Let b = 32 - 24. Let r(u) = -u**3 + 11*u**2 - 9*u + 7. What is the tens digit of r(b)?
2
Suppose -4235 = -7*i + 9856. What is the thousands digit of i?
2
Let s be 22/77 + (-100)/7. What is the units digit of (3*16)/(s - -15)?
8
Let b = -330 - -220. Let u = b - -162. Suppose 3*k = -k + u. What is the tens digit of k?
1
Let l be 250/8 + 5/((-120)/6). Suppose 0 = 5*u - 5, f = -f - 4*u - 20. Let y = f + l. What is the tens digit of y?
1
Let o be (-3728)/(-20) + 12/(-30). Suppose g = -5*q + 4*q + 62, 0 = -3*q + 4*g + o. What is the tens digit of q?
6
Let s(n) be the third derivative of -n**5/60 - n**4/3 - n**3 - 7*n**2. What is the units digit of s(-5)?
9
Let i be (-4)/(-3)*9/6. Let j(q) = -3 - i + 3*q - 9. What is the units digit of j(10)?
6
Let j = 18 - 8. Suppose -s - 2*w = -6*s + 17, w + j = 3*s. Suppose -s*y + 46 = -11. What is the units digit of y?
9
Let f(j) = -929*j + 67. What is the tens digit of f(-4)?
8
Let b = -190 + 460. What is the tens digit of b?
7
Suppose 6*g = g + 15. Suppose g*j - 153 = -0*j. What is the tens digit of j?
5
Suppose -5*z - f = -8961, 2*z - 4892 = -3*f - 1318. What is the thousands digit of z?
1
Let f be 18/30 + -7*(-12)/10. Let l = 112 + f. What is the units digit of l?
1
Let d = 5 - 4. Let m = d + 8. Let p = -8 + m. What is the units digit of p?
1
Let d be (-4989)/(-45) + 10/75. Suppose -d = -4*y - 15. What is the tens digit of y?
2
Suppose -r - 2*h + h = -655, 2*r + 3*h = 1306. What is the units digit of r?
9
Let m(u) be the second derivative of 1/12*u**4 - u**2 + 3*u + 0 - 1/2*u**3. What is the units digit of m(-2)?
8
Suppose -2*y + 4*r = -34, -2*y + 4*r - 2*r = -26. Let x = 8 - y. What is the units digit of 5 - 4 - x*16?
7
Suppose -2*i = -b + 4*b + 384, 2*b + 4*i + 248 = 0. Let d = -67 - b. What is the tens digit of d?
6
Let i(z) = 3*z + 2. Suppose 4*s + 7 = s - 4*c, 2*s + 18 = 4*c. Let b(n) = -n - 1. Let k(y) = s*b(y) - 2*i(y). What is the tens digit of k(-10)?
1
Suppose 0 = -5*n - f + 2*f + 18, -n = 5*f + 12. Suppose -3*o = n*o + 12. What is the tens digit of (o/(-6))/(14/1428)?
3
Let o be (0 + (12 - 2))/(4 - 2). Suppose -4*b + 4 = -0*b, o*b - 369 = -2*g. What is the hundreds digit of g?
1
Let a(u) = -2*u**3 + 2*u**2 - u - 2. Let m be a(-1). Suppose 53 = -0*j + j - m*r, -4*j = -2*r - 172. What is the